 of 11?
True
Is 8 a factor of 17243032?
True
Does 390 divide 361530?
True
Is 429 a factor of 188331?
True
Is 6 a factor of 1773560?
False
Does 13 divide 491703?
False
Is 436136 a multiple of 156?
False
Is 79 a factor of 676082?
True
Does 376 divide 1673740?
False
Does 32 divide 5118?
False
Is 2416800 a multiple of 10?
True
Is 85390 a multiple of 90?
False
Is 24333 a multiple of 13?
False
Is 131382 a multiple of 54?
True
Does 413 divide 323191?
False
Is 1150417 a multiple of 7?
False
Is 3278728 a multiple of 17?
False
Is 329 a factor of 1042601?
True
Is 10599707 a multiple of 16?
False
Is 515112 a multiple of 127?
True
Does 28 divide 11396?
True
Is 8914213 a multiple of 1737?
False
Is 542887 a multiple of 12?
False
Is 1429221 a multiple of 562?
False
Does 29 divide 6757?
True
Does 361 divide 571742?
False
Is 39 a factor of 68757?
True
Does 12 divide 14271012?
True
Does 27 divide 37540?
False
Does 84 divide 15712?
False
Does 58 divide 8782371?
False
Is 56 a factor of 25349390?
False
Does 6 divide 147654?
True
Is 20785 a multiple of 2?
False
Is 18725565 a multiple of 11?
False
Does 8 divide 1421059?
False
Is 712 a factor of 11995?
False
Is 1861500 a multiple of 36?
False
Is 42 a factor of 258090?
True
Does 160 divide 274560?
True
Is 1840191 a multiple of 31?
True
Does 15 divide 164387?
False
Is 164 a factor of 385892?
True
Is 598537 a multiple of 5?
False
Is 92573 a multiple of 14?
False
Does 4 divide 50160?
True
Is 127 a factor of 4544060?
True
Is 3336242 a multiple of 815?
False
Is 280495 a multiple of 7?
False
Is 413467 a multiple of 39?
False
Is 9 a factor of 5334525?
True
Is 97 a factor of 1010546?
True
Is 1558249 a multiple of 144?
False
Is 1179504 a multiple of 15?
False
Is 3705537 a multiple of 20?
False
Does 16 divide 874832?
True
Does 60 divide 7601274?
False
Is 156 a factor of 99372?
True
Does 23 divide 86655?
False
Is 362 a factor of 819614?
False
Does 5 divide 39537?
False
Is 25246330 a multiple of 20?
False
Does 491 divide 1858435?
True
Does 35 divide 56161?
False
Is 22986 a multiple of 2?
True
Is 89 a factor of 742221?
False
Is 82025 a multiple of 193?
True
Does 335 divide 444545?
True
Does 7 divide 60949?
True
Is 6642543 a multiple of 159?
True
Is 35429 a multiple of 25?
False
Is 102884 a multiple of 21?
False
Is 14273 a multiple of 102?
False
Is 50 a factor of 12929850?
True
Is 18 a factor of 13452250?
False
Is 1072164 a multiple of 7?
False
Is 39 a factor of 18447?
True
Is 25 a factor of 69959?
False
Is 29 a factor of 931071?
False
Is 12536806 a multiple of 1672?
False
Is 184778 a multiple of 407?
True
Is 70320 a multiple of 120?
True
Is 328 a factor of 16728?
True
Is 87 a factor of 282416?
False
Does 184 divide 153088?
True
Is 1249590 a multiple of 23?
True
Is 35152410 a multiple of 48?
False
Does 651 divide 5699505?
True
Is 5829325 a multiple of 9?
False
Is 436084 a multiple of 28?
False
Is 574944 a multiple of 13?
False
Is 228 a factor of 242622?
False
Is 721744 a multiple of 16?
True
Is 446383 a multiple of 10?
False
Is 1005376 a multiple of 60?
False
Is 6090429 a multiple of 179?
False
Does 476 divide 82988?
False
Does 25 divide 4913512?
False
Does 17 divide 1013302?
True
Does 24 divide 1908672?
True
Is 8 a factor of 350488?
True
Does 1985 divide 402955?
True
Does 52 divide 15808?
True
Does 115 divide 46575?
True
Is 180380 a multiple of 2?
True
Does 183 divide 346419?
True
Is 15 a factor of 356972?
False
Is 9 a factor of 216361?
False
Is 258324 a multiple of 653?
False
Is 14 a factor of 18118298?
False
Is 151 a factor of 357076?
False
Is 789 a factor of 537122?
False
Is 142037 a multiple of 37?
False
Is 9 a factor of 492435?
True
Is 974 a factor of 6184236?
False
Is 140836 a multiple of 11?
False
Does 84 divide 6010536?
True
Is 107 a factor of 2026580?
True
Is 11 a factor of 3151797?
True
Is 615298 a multiple of 84?
False
Is 78 a factor of 5457?
False
Is 456 a factor of 2156044?
False
Does 34 divide 7241456?
True
Does 3 divide 328?
False
Does 18 divide 99176?
False
Is 14 a factor of 12609492?
True
Is 24 a factor of 249910?
False
Is 89 a factor of 768604?
True
Is 71233 a multiple of 12?
False
Is 5 a factor of 562435?
True
Is 159 a factor of 3994479?
False
Is 1028731 a multiple of 349?
False
Is 364650 a multiple of 330?
True
Is 1160300 a multiple of 205?
True
Does 4 divide 49659?
False
Does 530 divide 106530?
True
Is 11 a factor of 521620?
True
Does 3 divide 558?
True
Does 1225 divide 6643177?
False
Is 75 a factor of 1077901?
False
Is 158752 a multiple of 88?
True
Is 3049662 a multiple of 154?
True
Is 140 a factor of 115585?
False
Is 1132798 a multiple of 48?
False
Does 2269 divide 19758452?
True
Is 4 a factor of 286164?
True
Is 16 a factor of 562081?
False
Is 145 a factor of 16052?
False
Is 106 a factor of 8092580?
False
Is 16 a factor of 11966261?
False
Is 5 a factor of 9735?
True
Does 8 divide 208280?
True
Is 784206 a multiple of 114?
True
Is 66426 a multiple of 5?
False
Is 9 a factor of 175509?
True
Is 2909076 a multiple of 6?
True
Is 4424520 a multiple of 21?
False
Does 97 divide 1835337?
True
Does 14 divide 12591493?
False
Is 666 a factor of 908218?
False
Is 107610 a multiple of 102?
True
Is 50 a factor of 23550?
True
Does 25 divide 150135?
False
Does 47 divide 292481?
True
Is 18553782 a multiple of 202?
False
Does 15 divide 371925?
True
Does 12 divide 438361?
False
Is 124313 a multiple of 7?
True
Is 359849 a multiple of 148?
False
Is 11045935 a multiple of 63?
False
Is 427 a factor of 692975?
False
Is 800672 a multiple of 131?
True
Does 13 divide 191787?
False
Does 30 divide 46442?
False
Is 214668 a multiple of 127?
False
Is 38964459 a multiple of 1501?
True
Is 147 a factor of 158362?
False
Is 19364643 a multiple of 20?
False
Is 119025 a multiple of 17?
False
Is 124 a factor of 799676?
True
Does 99 divide 84843?
True
Is 143325 a multiple of 91?
True
Is 287920 a multiple of 355?
False
Is 13 a factor of 91425?
False
Is 542 a multiple of 9?
False
Does 78 divide 182130?
True
Is 245196 a multiple of 6?
True
Is 2 a factor of 91822?
True
Does 453 divide 966660?
False
Is 64 a factor of 598592?
True
Is 118 a factor of 2514580?
True
Does 193 divide 71881?
False
Is 21096 a multiple of 36?
True
Is 21935298 a multiple of 77?
True
Does 9 divide 118457?
False
Does 34 divide 3171248?
True
Does 4 divide 1713?
False
Does 54 divide 19386?
True
Is 66 a factor of 14234845?
False
Does 3 divide 182243?
False
Does 123 divide 229573?
False
Does 21 divide 1634803?
False
Does 196 divide 2118386?
False
Is 158 a factor of 11534?
True
Does 7 divide 1451100?
True
Is 7674 a multiple of 3?
True
Does 14 divide 18929397?
False
Does 560 divide 2770293?
False
Does 165 divide 2068206?
False
Is 38253 a multiple of 86?
False
Is 1545592 a multiple of 852?
False
Is 34840 a multiple of 10?
True
Does 35 divide 95309?
False
Does 5 divide 32895?
True
Is 1095515 a multiple of 253?
False
Does 43 divide 577361?
True
Is 17646 a multiple of 17?
True
Is 121248 a multiple of 288?
True
Is 229297 a multiple of 8?
False
Does 9 divide 111721?
False
Is 18 a factor of 79902?
True
Is 478821 a multiple of 8?
False
Does 14 divide 923754?
False
Is 1603881 a multiple of 79?
False
Does 10 divide 7759880?
True
Is 1616464 a multiple of 252?
False
Is 16 a factor of 269930?
False
Does 56 divide 1338848?
True
Does 152 divide 254600?
True
Does 650 divide 1239550?
True
Is 426 a factor of 535908?
True
Is 35 a factor of 1727215?
True
Does 44 divide 12172?
False
Does 27 divide 1834380?
True
Is 766489 a multiple of 500?
False
Is 68 a factor of 4865128?
True
Does 8 divide 225955?
False
Is 42 a factor of 100855?
False
Does 11 divide 5063124?
True
Is 25648 a multiple of 28?
True
Is 95976 a multiple of 24?
True
Is 1459632 a multiple of 14?
False
Does 46 divide 2823664?
True
Does 104 divide 609960?
True
Is 393 a factor of 1835355?
False
Does 764 divide 1096393?
False
Is 58 a factor of 688692?
True
Does 11 divide 62304?
True
Is 334 a factor of 189296?
False
Is 3 a factor of 3690?
True
Does 119 divide 49614?
False
Is 5841 a multiple of 4?
False
Is 27 a factor of 4144142?
False
Is 50136 a multiple of 8?
True
Is 1084154 a multiple of 2?
True
Is 17 a factor of 388564?
False
Is 56807 a multiple of 23?
False
Is 163473 a multiple of 62?
False
Does 225 divide 258485?
False
Is 33 a factor of 86691?
True